{"id":25,"date":"2016-02-20T13:47:08","date_gmt":"2016-02-20T12:47:08","guid":{"rendered":"http:\/\/alventis.cz\/alpha\/?page_id=25"},"modified":"2021-08-11T16:30:00","modified_gmt":"2021-08-11T14:30:00","slug":"kontakt","status":"publish","type":"page","link":"https:\/\/alventis.cz\/index.php\/kontakt\/","title":{"rendered":"Kontakt"},"content":{"rendered":"<h2><strong>Vlastimil Mikl &#8211; Alventis<\/strong><\/h2>\n<p>I\u010c: 88716376<br \/>\nDI\u010c: CZ7003134149<br \/>\nFyzick\u00e1 osoba zapsan\u00e1 v \u017divnostensk\u00e9m rejst\u0159\u00edku od&nbsp;11. 4. 2012<br \/>\nEviden\u010dn\u00ed \u010d\u00edslo \u017dL:&nbsp;MMZL 052850\/2013\/3<br \/>\nEviduj\u00edc\u00ed \u00fa\u0159ad:&nbsp;Magistr\u00e1t m\u011bsta Zl\u00edna, odbor \u017eivnostensk\u00fd<\/p>\n<h5>Kde n\u00e1s najdete<\/h5>\n<p><iframe loading=\"lazy\" style=\"border: 0px currentColor;\" src=\"https:\/\/www.google.com\/maps\/embed?pb=!1m18!1m12!1m3!1d2605.4239075958753!2d17.68742691588522!3d49.230451682390566!2m3!1f0!2f0!3f0!3m2!1i1024!2i768!4f13.1!3m3!1m2!1s0x471374a023b9f365%3A0x1d6f56cbaef21e27!2zWsOhbGXFoW7DoSBWSUksIDc2MCAwMSBabMOtbg!5e0!3m2!1scs!2scz!4v1458220020067\" width=\"800\" height=\"400\" frameborder=\"0\" allowfullscreen=\"allowfullscreen\"><\/iframe><\/p>\n","protected":false},"excerpt":{"rendered":"<p>Vlastimil Mikl &#8211; Alventis I\u010c: 88716376 DI\u010c: CZ7003134149 Fyzick\u00e1 osoba zapsan\u00e1 v \u017divnostensk\u00e9m rejst\u0159\u00edku od&nbsp;11. 4. 2012 Eviden\u010dn\u00ed \u010d\u00edslo \u017dL:&nbsp;MMZL 052850\/2013\/3 Eviduj\u00edc\u00ed \u00fa\u0159ad:&nbsp;Magistr\u00e1t m\u011bsta Zl\u00edna, odbor \u017eivnostensk\u00fd Kde n\u00e1s najdete<\/p>\n","protected":false},"author":1,"featured_media":0,"parent":0,"menu_order":30,"comment_status":"closed","ping_status":"open","template":"","meta":{"ngg_post_thumbnail":0},"yoast_head":"<!-- This site is optimized with the Yoast SEO plugin v16.9 - https:\/\/yoast.com\/wordpress\/plugins\/seo\/ -->\n<title>Vlastimil Mikl - Alventis, kontakt<\/title>\n<meta name=\"description\" content=\"Vlastimil Mikl \u2013 Alventis, telefon: +420 605 213 684 mail: info@alventis.cz adresa: Z\u00e1le\u0161n\u00e1 VII \/ 6647, Zl\u00edn, 760 01. I\u010c: 88716376 DI\u010c: CZ7003134149\" \/>\n<meta name=\"robots\" content=\"index, follow, max-snippet:-1, max-image-preview:large, max-video-preview:-1\" \/>\n<link rel=\"canonical\" href=\"https:\/\/alventis.cz\/index.php\/kontakt\/\" \/>\n<meta property=\"og:locale\" content=\"cs_CZ\" \/>\n<meta property=\"og:type\" content=\"article\" \/>\n<meta property=\"og:title\" content=\"Vlastimil Mikl - Alventis, kontakt\" \/>\n<meta property=\"og:description\" content=\"Vlastimil Mikl \u2013 Alventis, telefon: +420 605 213 684 mail: info@alventis.cz adresa: Z\u00e1le\u0161n\u00e1 VII \/ 6647, Zl\u00edn, 760 01. I\u010c: 88716376 DI\u010c: CZ7003134149\" \/>\n<meta property=\"og:url\" content=\"https:\/\/alventis.cz\/index.php\/kontakt\/\" \/>\n<meta property=\"og:site_name\" content=\"Alventis\" \/>\n<meta property=\"article:modified_time\" content=\"2021-08-11T14:30:00+00:00\" \/>\n<meta name=\"twitter:card\" content=\"summary\" \/>\n<script type=\"application\/ld+json\" class=\"yoast-schema-graph\">{\"@context\":\"https:\/\/schema.org\",\"@graph\":[{\"@type\":\"Organization\",\"@id\":\"https:\/\/alventis.cz\/#organization\",\"name\":\"Vlastimil Mikl - Alventis\",\"url\":\"https:\/\/alventis.cz\/\",\"sameAs\":[],\"logo\":{\"@type\":\"ImageObject\",\"@id\":\"https:\/\/alventis.cz\/#logo\",\"inLanguage\":\"cs\",\"url\":\"http:\/\/alventis.cz\/wp-content\/uploads\/2016\/05\/logo_finish.png\",\"contentUrl\":\"http:\/\/alventis.cz\/wp-content\/uploads\/2016\/05\/logo_finish.png\",\"width\":250,\"height\":90,\"caption\":\"Vlastimil Mikl - Alventis\"},\"image\":{\"@id\":\"https:\/\/alventis.cz\/#logo\"}},{\"@type\":\"WebSite\",\"@id\":\"https:\/\/alventis.cz\/#website\",\"url\":\"https:\/\/alventis.cz\/\",\"name\":\"Alventis\",\"description\":\"Hlin\\u00edkov\\u00e1 okna, dve\\u0159e, ventila\\u010dn\\u00ed m\\u0159\\u00ed\\u017eky\",\"publisher\":{\"@id\":\"https:\/\/alventis.cz\/#organization\"},\"potentialAction\":[{\"@type\":\"SearchAction\",\"target\":{\"@type\":\"EntryPoint\",\"urlTemplate\":\"https:\/\/alventis.cz\/?s={search_term_string}\"},\"query-input\":\"required name=search_term_string\"}],\"inLanguage\":\"cs\"},{\"@type\":\"WebPage\",\"@id\":\"https:\/\/alventis.cz\/index.php\/kontakt\/#webpage\",\"url\":\"https:\/\/alventis.cz\/index.php\/kontakt\/\",\"name\":\"Vlastimil Mikl - Alventis, kontakt\",\"isPartOf\":{\"@id\":\"https:\/\/alventis.cz\/#website\"},\"datePublished\":\"2016-02-20T12:47:08+00:00\",\"dateModified\":\"2021-08-11T14:30:00+00:00\",\"description\":\"Vlastimil Mikl \\u2013 Alventis, telefon: +420 605 213 684 mail: info@alventis.cz adresa: Z\\u00e1le\\u0161n\\u00e1 VII \/ 6647, Zl\\u00edn, 760 01. I\\u010c: 88716376 DI\\u010c: CZ7003134149\",\"breadcrumb\":{\"@id\":\"https:\/\/alventis.cz\/index.php\/kontakt\/#breadcrumb\"},\"inLanguage\":\"cs\",\"potentialAction\":[{\"@type\":\"ReadAction\",\"target\":[\"https:\/\/alventis.cz\/index.php\/kontakt\/\"]}]},{\"@type\":\"BreadcrumbList\",\"@id\":\"https:\/\/alventis.cz\/index.php\/kontakt\/#breadcrumb\",\"itemListElement\":[{\"@type\":\"ListItem\",\"position\":1,\"name\":\"Dom\\u016f\",\"item\":\"https:\/\/alventis.cz\/\"},{\"@type\":\"ListItem\",\"position\":2,\"name\":\"Kontakt\"}]}]}<\/script>\n<!-- \/ Yoast SEO plugin. -->","yoast_head_json":{"title":"Vlastimil Mikl - Alventis, kontakt","description":"Vlastimil Mikl \u2013 Alventis, telefon: +420 605 213 684 mail: info@alventis.cz adresa: Z\u00e1le\u0161n\u00e1 VII \/ 6647, Zl\u00edn, 760 01. I\u010c: 88716376 DI\u010c: CZ7003134149","robots":{"index":"index","follow":"follow","max-snippet":"max-snippet:-1","max-image-preview":"max-image-preview:large","max-video-preview":"max-video-preview:-1"},"canonical":"https:\/\/alventis.cz\/index.php\/kontakt\/","og_locale":"cs_CZ","og_type":"article","og_title":"Vlastimil Mikl - Alventis, kontakt","og_description":"Vlastimil Mikl \u2013 Alventis, telefon: +420 605 213 684 mail: info@alventis.cz adresa: Z\u00e1le\u0161n\u00e1 VII \/ 6647, Zl\u00edn, 760 01. I\u010c: 88716376 DI\u010c: CZ7003134149","og_url":"https:\/\/alventis.cz\/index.php\/kontakt\/","og_site_name":"Alventis","article_modified_time":"2021-08-11T14:30:00+00:00","twitter_card":"summary","schema":{"@context":"https:\/\/schema.org","@graph":[{"@type":"Organization","@id":"https:\/\/alventis.cz\/#organization","name":"Vlastimil Mikl - Alventis","url":"https:\/\/alventis.cz\/","sameAs":[],"logo":{"@type":"ImageObject","@id":"https:\/\/alventis.cz\/#logo","inLanguage":"cs","url":"http:\/\/alventis.cz\/wp-content\/uploads\/2016\/05\/logo_finish.png","contentUrl":"http:\/\/alventis.cz\/wp-content\/uploads\/2016\/05\/logo_finish.png","width":250,"height":90,"caption":"Vlastimil Mikl - Alventis"},"image":{"@id":"https:\/\/alventis.cz\/#logo"}},{"@type":"WebSite","@id":"https:\/\/alventis.cz\/#website","url":"https:\/\/alventis.cz\/","name":"Alventis","description":"Hlin\u00edkov\u00e1 okna, dve\u0159e, ventila\u010dn\u00ed m\u0159\u00ed\u017eky","publisher":{"@id":"https:\/\/alventis.cz\/#organization"},"potentialAction":[{"@type":"SearchAction","target":{"@type":"EntryPoint","urlTemplate":"https:\/\/alventis.cz\/?s={search_term_string}"},"query-input":"required name=search_term_string"}],"inLanguage":"cs"},{"@type":"WebPage","@id":"https:\/\/alventis.cz\/index.php\/kontakt\/#webpage","url":"https:\/\/alventis.cz\/index.php\/kontakt\/","name":"Vlastimil Mikl - Alventis, kontakt","isPartOf":{"@id":"https:\/\/alventis.cz\/#website"},"datePublished":"2016-02-20T12:47:08+00:00","dateModified":"2021-08-11T14:30:00+00:00","description":"Vlastimil Mikl \u2013 Alventis, telefon: +420 605 213 684 mail: info@alventis.cz adresa: Z\u00e1le\u0161n\u00e1 VII \/ 6647, Zl\u00edn, 760 01. I\u010c: 88716376 DI\u010c: CZ7003134149","breadcrumb":{"@id":"https:\/\/alventis.cz\/index.php\/kontakt\/#breadcrumb"},"inLanguage":"cs","potentialAction":[{"@type":"ReadAction","target":["https:\/\/alventis.cz\/index.php\/kontakt\/"]}]},{"@type":"BreadcrumbList","@id":"https:\/\/alventis.cz\/index.php\/kontakt\/#breadcrumb","itemListElement":[{"@type":"ListItem","position":1,"name":"Dom\u016f","item":"https:\/\/alventis.cz\/"},{"@type":"ListItem","position":2,"name":"Kontakt"}]}]}},"_links":{"self":[{"href":"https:\/\/alventis.cz\/index.php\/wp-json\/wp\/v2\/pages\/25"}],"collection":[{"href":"https:\/\/alventis.cz\/index.php\/wp-json\/wp\/v2\/pages"}],"about":[{"href":"https:\/\/alventis.cz\/index.php\/wp-json\/wp\/v2\/types\/page"}],"author":[{"embeddable":true,"href":"https:\/\/alventis.cz\/index.php\/wp-json\/wp\/v2\/users\/1"}],"replies":[{"embeddable":true,"href":"https:\/\/alventis.cz\/index.php\/wp-json\/wp\/v2\/comments?post=25"}],"version-history":[{"count":2,"href":"https:\/\/alventis.cz\/index.php\/wp-json\/wp\/v2\/pages\/25\/revisions"}],"predecessor-version":[{"id":1682,"href":"https:\/\/alventis.cz\/index.php\/wp-json\/wp\/v2\/pages\/25\/revisions\/1682"}],"wp:attachment":[{"href":"https:\/\/alventis.cz\/index.php\/wp-json\/wp\/v2\/media?parent=25"}],"curies":[{"name":"wp","href":"https:\/\/api.w.org\/{rel}","templated":true}]}}